{"id":16,"date":"2016-04-20T19:04:33","date_gmt":"2016-04-20T19:04:33","guid":{"rendered":"http:\/\/arquiteturapositiva.arq.br\/biossistemas\/?page_id=16"},"modified":"2018-05-22T14:24:35","modified_gmt":"2018-05-22T14:24:35","slug":"arquitetura-sustentavel","status":"publish","type":"page","link":"https:\/\/arquiteturapositiva.arq.br\/biossistemas\/","title":{"rendered":"Arquitetura Sustent\u00e1vel e Biossistemas Aqu\u00e1ticos"},"content":{"rendered":"<p>Atuando com projeto e execu\u00e7\u00e3o de Biossistemas Aqu\u00e1ticos e Saneamento Ambiental, a <a href=\"https:\/\/arquiteturapositiva.arq.br\/biossistemas\"><strong>ARQUITETURA POSITIVA<\/strong><\/a> busca consolidar, em cada projeto , o conceito de Sustentabilidade, Economia Circular e EcoEfetividade.<br \/>\nAgregamos parceiros altamente especializados, de not\u00f3rio conhecimento, formando assim um n\u00facleo de trabalho dedicado com resultados inovadores em cada projeto, desde a concep\u00e7\u00e3o \u00e0 gest\u00e3o e entrega.<br \/>\nDe nosso amplo portf\u00f3lio destacamos projetos e constru\u00e7\u00e3o de piscinas naturais e biol\u00f3gicas, lagos ornamentais, biodigestores e demais obras relacionadas a saneamento ambiental e biossistemas aqu\u00e1ticos.<br \/>\nConte com nosso know-how para realizar o seu sonho de trazer a natureza para mais perto de voc\u00ea!<\/p>\n<p>&nbsp;<\/p>\n<p>&nbsp;<\/p>\n<p>&nbsp;<\/p>\n[PFG id=421]\n","protected":false},"excerpt":{"rendered":"<p>Atuando com projeto e execu\u00e7\u00e3o de Biossistemas Aqu\u00e1ticos e Saneamento Ambiental, a ARQUITETURA POSITIVA busca consolidar, em cada projeto , o conceito de Sustentabilidade, Economia Circular e EcoEfetividade. Agregamos parceiros altamente especializados, de not\u00f3rio conhecimento, formando assim um n\u00facleo de&hellip;&nbsp;<a href=\"https:\/\/arquiteturapositiva.arq.br\/biossistemas\/\" class=\"more-link\">Saiba Mais<\/a><\/p>\n","protected":false},"author":1,"featured_media":258,"parent":0,"menu_order":0,"comment_status":"closed","ping_status":"closed","template":"","meta":{"footnotes":"","_links_to":"","_links_to_target":""},"class_list":["post-16","page","type-page","status-publish","has-post-thumbnail","hentry"],"_links":{"self":[{"href":"https:\/\/arquiteturapositiva.arq.br\/biossistemas\/wp-json\/wp\/v2\/pages\/16","targetHints":{"allow":["GET"]}}],"collection":[{"href":"https:\/\/arquiteturapositiva.arq.br\/biossistemas\/wp-json\/wp\/v2\/pages"}],"about":[{"href":"https:\/\/arquiteturapositiva.arq.br\/biossistemas\/wp-json\/wp\/v2\/types\/page"}],"author":[{"embeddable":true,"href":"https:\/\/arquiteturapositiva.arq.br\/biossistemas\/wp-json\/wp\/v2\/users\/1"}],"replies":[{"embeddable":true,"href":"https:\/\/arquiteturapositiva.arq.br\/biossistemas\/wp-json\/wp\/v2\/comments?post=16"}],"version-history":[{"count":6,"href":"https:\/\/arquiteturapositiva.arq.br\/biossistemas\/wp-json\/wp\/v2\/pages\/16\/revisions"}],"predecessor-version":[{"id":422,"href":"https:\/\/arquiteturapositiva.arq.br\/biossistemas\/wp-json\/wp\/v2\/pages\/16\/revisions\/422"}],"wp:featuredmedia":[{"embeddable":true,"href":"https:\/\/arquiteturapositiva.arq.br\/biossistemas\/wp-json\/wp\/v2\/media\/258"}],"wp:attachment":[{"href":"https:\/\/arquiteturapositiva.arq.br\/biossistemas\/wp-json\/wp\/v2\/media?parent=16"}],"curies":[{"name":"wp","href":"https:\/\/api.w.org\/{rel}","templated":true}]}}